{"id":3285,"date":"2023-01-25T21:18:31","date_gmt":"2023-01-25T21:18:31","guid":{"rendered":"https:\/\/www.kvalifik.hu\/?page_id=3285"},"modified":"2023-01-25T21:29:48","modified_gmt":"2023-01-25T21:29:48","slug":"uj-muszer-vasarlasa-esetleg-kalibralassal-egyutt","status":"publish","type":"page","link":"https:\/\/kvalifik.hu\/eng\/uj-muszer-vasarlasa-esetleg-kalibralassal-egyutt\/","title":{"rendered":"\u00daj m\u0171szer v\u00e1s\u00e1rl\u00e1sa (esetleg kalibr\u00e1l\u00e1ssal egy\u00fctt)"},"content":{"rendered":"<noscript class=\"ninja-forms-noscript-message\">\n\tNotice: JavaScript is required for this content.<\/noscript>\n<div id=\"nf-form-4-cont\" class=\"nf-form-cont\" aria-live=\"polite\" aria-labelledby=\"nf-form-title-4\" aria-describedby=\"nf-form-errors-4\" role=\"form\">\n\n    <div class=\"nf-loading-spinner\"><\/div>\n\n<\/div>\n        <!-- TODO: Move to Template File. -->\n        <script>var formDisplay=1;var nfForms=nfForms||[];var form=[];form.id='4';form.settings={\"objectType\":\"Form Setting\",\"editActive\":true,\"title\":\"Purchase of a new instrument (possibly including calibration)\",\"created_at\":\"2023-01-25 22:11:55\",\"default_label_pos\":\"left\",\"show_title\":\"0\",\"clear_complete\":\"1\",\"hide_complete\":\"1\",\"logged_in\":\"\",\"wrapper_class\":\"\",\"element_class\":\"\",\"key\":\"\",\"add_submit\":\"1\",\"changeEmailErrorMsg\":\"Please enter a valid email address!\",\"changeDateErrorMsg\":\"Please enter a valid date!\",\"confirmFieldErrorMsg\":\"These fields must match!\",\"fieldNumberNumMinError\":\"Number Min Error\",\"fieldNumberNumMaxError\":\"Number Max Error\",\"fieldNumberIncrementBy\":\"Please increment by \",\"formErrorsCorrectErrors\":\"Please correct errors before submitting this form.\",\"validateRequiredField\":\"This is a required field.\",\"honeypotHoneypotError\":\"Honeypot Error\",\"fieldsMarkedRequired\":\"Fields marked with *- are mandatory! \",\"currency\":\"\",\"unique_field_error\":\"A form of this value has already been sent.\",\"not_logged_in_msg\":\"\",\"sub_limit_msg\":\"<c-wiz jsrenderer=\\\"xuEY0\\\" class=\\\"rm1UF UnxENd dHeVVb\\\" jsshadow=\\\"\\\" jsdata=\\\"deferred-c12\\\" data-p=\\\"%.@.&quot;&quot;,&quot;&quot;,&quot;&quot;]\\\" jscontroller=\\\"M2suMc\\\" jsaction=\\\"fgP5ge:reBGj,fO5Jj;SuwQzc:psubsc;ZJRbqd:R99J9b;PPMpVe:Ro8hud;iRXaId:vQ5fhd,QHu6Rd,g1rTCe,hHjFBe;WUl1Sc:Lt1lf;ETwhqd:ohO51;xlKgVc:sz93Ff;auJseb:IV7LWe;pNe98e:B1XqVb;xFfZGc:fO5Jj;OQcvYd:o9EnMb,lXvwxb;sT00Fe:Nrlepe;K1idad:ueU8Ab;MFfQNe:XTf7qb;n3ynxb:tQNmWe;k9TsOe:PCDOwc;RRMwLc:Fg8W1e;mG3QHf:OYLrVb;Qz4V0b:hQ7xdc;fBzasf:YoknPd;UgEtGb:hQ7xdc;h5CHLc:i5R1S; click:gx3W4c; touchend:Ui18c;h1Uxi:qx6Cqc;PF39hf:gx3W4c;HmXuze:peH7Nc;Pi02re:peH7Nc;FvQNXc:T2uEDc,J6gWY;zOKmBc:rV2CEd,ZQTNrf;NC92Xd:t0GU7d,UbDGRc;XZiffb:MEUYed,ZcXqnb;\\\" data-node-index=\\\"2;0\\\" jsmodel=\\\"hc6Ubd LP4cEc\\\" c-wiz=\\\"\\\" style=\\\"-webkit-tap-highlight-color: transparent; contain: style; display: flex; flex-direction: column; position: relative; flex: 1 1 0%;\\\"><div class=\\\"FFpbKc\\\" style=\\\"-webkit-tap-highlight-color: transparent; align-items: center; display: flex; padding-bottom: 8px; padding-left: 11px; padding-right: 4px; margin-top: auto;\\\"><span aria-label=\\\"42 of 5,000 characters used\\\" role=\\\"img\\\" class=\\\"ZTPlmc\\\" style=\\\"-webkit-tap-highlight-color: transparent; direction: ltr; margin-top: 4px; margin-left: auto;\\\"><font color=\\\"#5f6368\\\" face=\\\"Roboto, RobotoDraft, Helvetica, Arial, sans-serif\\\"><span style=\\\"font-size: 12px;\\\"><span aria-label=\\\"42 of 5,000 characters used\\\" role=\\\"img\\\" class=\\\"ZTPlmc\\\" style=\\\"-webkit-tap-highlight-color: transparent; direction: ltr; margin-top: 4px; margin-left: auto;\\\">Az \\u0171rlap el\\u00e9rte a bek\\u00fcld\\u00e9si hat\\u00e1rt.<\\\/span><\\\/span><\\\/font><br><\\\/span><\\\/div>\\n<\\\/c-wiz>\",\"calculations\":[],\"formContentData\":[\"hr_1658910999623\",\"html_1658912211325\",\"item_1691067363241\",\"hr_1658911856706\",\"hr_1658912318405\",\"html_1658912323207\",\"company_name_1691067471479\",\"address_1691067480039\",\"tax_no_1691067486054\",\"your_name_1691067507409\",\"your_phone_1691067521000\",\"your_e-mail_1691067531985\",\"note_1691067537457\",\"elfogadom_az_1658912963640\",\"recaptcha_1658912830424\",\"submit_1691067628834\"],\"drawerDisabled\":false,\"form_title_heading_level\":\"3\",\"allow_public_link\":0,\"embed_form\":\"\",\"ninjaForms\":\"Ninja Forms\",\"fieldTextareaRTEInsertLink\":\"Insert Link\",\"fieldTextareaRTEInsertMedia\":\"Insert Media\",\"fieldTextareaRTESelectAFile\":\"Select a file\",\"formHoneypot\":\"If you are a human seeing this field, please leave it empty.\",\"fileUploadOldCodeFileUploadInProgress\":\"File Upload in Progress.\",\"fileUploadOldCodeFileUpload\":\"FILE UPLOAD\",\"currencySymbol\":\"&#70;&#116;\",\"thousands_sep\":\",\",\"decimal_point\":\".\",\"siteLocale\":\"en_US\",\"dateFormat\":\"Y\\\/m\\\/d\",\"startOfWeek\":\"1\",\"of\":\"of\",\"previousMonth\":\"Previous Month\",\"nextMonth\":\"Next Month\",\"months\":[\"January\",\"February\",\"March\",\"April\",\"May\",\"June\",\"July\",\"August\",\"September\",\"October\",\"November\",\"December\"],\"monthsShort\":[\"Jan\",\"Feb\",\"Mar\",\"Apr\",\"May\",\"Jun\",\"Jul\",\"Aug\",\"Sep\",\"Oct\",\"Nov\",\"Dec\"],\"weekdays\":[\"Sunday\",\"Monday\",\"Tuesday\",\"Wednesday\",\"Thursday\",\"Friday\",\"Saturday\"],\"weekdaysShort\":[\"Sun\",\"Mon\",\"Tue\",\"Wed\",\"Thu\",\"Fri\",\"Sat\"],\"weekdaysMin\":[\"Su\",\"Mo\",\"Tu\",\"We\",\"Th\",\"Fr\",\"Sa\"],\"recaptchaConsentMissing\":\"reCapctha validation couldn&#039;t load.\",\"recaptchaMissingCookie\":\"reCaptcha v3 validation couldn&#039;t load the cookie needed to submit the form.\",\"recaptchaConsentEvent\":\"Accept reCaptcha cookies before sending the form.\",\"currency_symbol\":\"\",\"beforeForm\":\"\",\"beforeFields\":\"\",\"afterFields\":\"\",\"afterForm\":\"\"};form.fields=[{\"objectType\":\"Field\",\"objectDomain\":\"fields\",\"editActive\":false,\"order\":1,\"idAttribute\":\"id\",\"label\":\"Divider\",\"type\":\"hr\",\"container_class\":\"\",\"element_class\":\"\",\"key\":\"hr_1658910999623\",\"field_label\":\"Divider\",\"field_key\":\"hr_1658910999623\",\"id\":50,\"beforeField\":\"\",\"afterField\":\"\",\"value\":\"\",\"label_pos\":\"left\",\"parentType\":\"hr\",\"element_templates\":[\"hr\",\"input\"],\"old_classname\":\"\",\"wrap_template\":\"wrap\"},{\"objectType\":\"Field\",\"objectDomain\":\"fields\",\"editActive\":false,\"order\":2,\"idAttribute\":\"id\",\"label\":\"HTML\",\"type\":\"html\",\"default\":\"<h2>Instrument data<br><\\\/h2>\",\"container_class\":\"\",\"element_class\":\"\",\"key\":\"html_1658912211325\",\"drawerDisabled\":false,\"field_label\":\"HTML\",\"field_key\":\"html_1658912211325\",\"id\":56,\"beforeField\":\"\",\"afterField\":\"\",\"value\":\"<h2>Instrument data<br><\\\/h2>\",\"label_pos\":\"left\",\"parentType\":\"html\",\"element_templates\":[\"html\",\"input\"],\"old_classname\":\"\",\"wrap_template\":\"wrap\"},{\"objectType\":\"Field\",\"objectDomain\":\"fields\",\"editActive\":false,\"order\":3,\"idAttribute\":\"id\",\"label\":\"ITEM\",\"type\":\"repeater\",\"container_class\":\"\",\"element_class\":\"\",\"desc_text\":\"<p><br><\\\/p>\",\"fields\":[{\"objectType\":\"Field\",\"objectDomain\":\"fields\",\"editActive\":false,\"order\":1,\"idAttribute\":\"id\",\"id\":13.1,\"label\":\"Instrument name\",\"type\":\"textbox\",\"repeaterField\":true,\"key\":\"instrument_name_1691067374095\",\"label_pos\":\"left\",\"required\":1,\"default\":\"\",\"placeholder\":\"\",\"container_class\":\"\",\"element_class\":\"\",\"input_limit\":\"\",\"input_limit_type\":\"characters\",\"input_limit_msg\":\"Character(s) left\",\"manual_key\":false,\"disable_input\":null,\"admin_label\":\"\",\"help_text\":\"\",\"desc_text\":null,\"disable_browser_autocomplete\":null,\"mask\":\"\",\"custom_mask\":\"\",\"custom_name_attribute\":\"\",\"personally_identifiable\":\"\",\"value\":\"\",\"drawerDisabled\":false,\"parentType\":\"textbox\",\"element_templates\":[\"textbox\",\"input\"],\"old_classname\":\"\",\"wrap_template\":\"wrap\"},{\"objectType\":\"Field\",\"objectDomain\":\"fields\",\"editActive\":false,\"order\":2,\"idAttribute\":\"id\",\"id\":13.199999999999999,\"label\":\"Quantity\",\"type\":\"textbox\",\"repeaterField\":true,\"key\":\"quantity_1691067384143\",\"label_pos\":\"left\",\"required\":1,\"default\":\"\",\"placeholder\":\"\",\"container_class\":\"\",\"element_class\":\"\",\"input_limit\":\"\",\"input_limit_type\":\"characters\",\"input_limit_msg\":\"Character(s) left\",\"manual_key\":false,\"disable_input\":null,\"admin_label\":\"\",\"help_text\":\"\",\"desc_text\":null,\"disable_browser_autocomplete\":null,\"mask\":\"\",\"custom_mask\":\"\",\"custom_name_attribute\":\"\",\"personally_identifiable\":\"\",\"value\":\"\",\"drawerDisabled\":false,\"parentType\":\"textbox\",\"element_templates\":[\"textbox\",\"input\"],\"old_classname\":\"\",\"wrap_template\":\"wrap\"},{\"objectType\":\"Field\",\"objectDomain\":\"fields\",\"editActive\":false,\"order\":3,\"idAttribute\":\"id\",\"id\":13.300000000000001,\"label\":\"Calibration range (extra charge) \",\"type\":\"textbox\",\"repeaterField\":true,\"key\":\"calibration_range_extra_charge_1691067416150\",\"label_pos\":\"left\",\"required\":1,\"default\":\"\",\"placeholder\":\"\",\"container_class\":\"\",\"element_class\":\"\",\"input_limit\":\"\",\"input_limit_type\":\"characters\",\"input_limit_msg\":\"Character(s) left\",\"manual_key\":false,\"disable_input\":null,\"admin_label\":\"\",\"help_text\":\"\",\"desc_text\":\"<p><p>It is advisable to calibrate the instrument in the range or at the points where it will be used.<\\\/p><\\\/p>\",\"disable_browser_autocomplete\":null,\"mask\":\"\",\"custom_mask\":\"\",\"custom_name_attribute\":\"\",\"personally_identifiable\":\"\",\"value\":\"\",\"drawerDisabled\":false,\"parentType\":\"textbox\",\"element_templates\":[\"textbox\",\"input\"],\"old_classname\":\"\",\"wrap_template\":\"wrap\"}],\"key\":\"item_1691067363241\",\"drawerDisabled\":false,\"field_label\":\"ELEM HOZZ\\u00c1D\\u00c1SA\",\"field_key\":\"elem_hozzadasa_1658912197748\",\"id\":51,\"beforeField\":\"\",\"afterField\":\"\",\"value\":\"\",\"label_pos\":\"left\",\"parentType\":\"textbox\",\"element_templates\":[\"repeater\",\"input\"],\"old_classname\":\"\",\"wrap_template\":\"wrap-no-label\",\"settings\":{\"id\":51}},{\"objectType\":\"Field\",\"objectDomain\":\"fields\",\"editActive\":false,\"order\":4,\"idAttribute\":\"id\",\"label\":\"Divider\",\"type\":\"hr\",\"container_class\":\"\",\"element_class\":\"\",\"key\":\"hr_1658911856706\",\"field_label\":\"Divider\",\"field_key\":\"hr_1658911856706\",\"id\":52,\"beforeField\":\"\",\"afterField\":\"\",\"value\":\"\",\"label_pos\":\"left\",\"parentType\":\"hr\",\"element_templates\":[\"hr\",\"input\"],\"old_classname\":\"\",\"wrap_template\":\"wrap\"},{\"objectType\":\"Field\",\"objectDomain\":\"fields\",\"editActive\":false,\"order\":5,\"idAttribute\":\"id\",\"label\":\"Divider\",\"type\":\"hr\",\"container_class\":\"\",\"element_class\":\"\",\"key\":\"hr_1658912318405\",\"field_label\":\"Divider\",\"field_key\":\"hr_1658912318405\",\"id\":57,\"beforeField\":\"\",\"afterField\":\"\",\"value\":\"\",\"label_pos\":\"left\",\"parentType\":\"hr\",\"element_templates\":[\"hr\",\"input\"],\"old_classname\":\"\",\"wrap_template\":\"wrap\"},{\"objectType\":\"Field\",\"objectDomain\":\"fields\",\"editActive\":false,\"order\":6,\"idAttribute\":\"id\",\"label\":\"HTML\",\"type\":\"html\",\"default\":\"<h2>CONTACT DETAILS<br><\\\/h2>\",\"container_class\":\"\",\"element_class\":\"\",\"key\":\"html_1658912323207\",\"drawerDisabled\":false,\"field_label\":\"HTML\",\"field_key\":\"html_1658912323207\",\"id\":58,\"beforeField\":\"\",\"afterField\":\"\",\"value\":\"<h2>CONTACT DETAILS<br><\\\/h2>\",\"label_pos\":\"left\",\"parentType\":\"html\",\"element_templates\":[\"html\",\"input\"],\"old_classname\":\"\",\"wrap_template\":\"wrap\"},{\"objectType\":\"Field\",\"objectDomain\":\"fields\",\"editActive\":false,\"order\":7,\"idAttribute\":\"id\",\"label\":\"Company name\",\"type\":\"textbox\",\"key\":\"company_name_1691067471479\",\"label_pos\":\"left\",\"required\":1,\"default\":\"\",\"placeholder\":\"\",\"container_class\":\"\",\"element_class\":\"\",\"input_limit\":\"\",\"input_limit_type\":\"characters\",\"input_limit_msg\":\"Character(s) left\",\"manual_key\":\"\",\"admin_label\":\"\",\"help_text\":\"\",\"mask\":\"\",\"custom_mask\":\"\",\"custom_name_attribute\":\"\",\"personally_identifiable\":\"\",\"value\":\"\",\"drawerDisabled\":false,\"field_label\":\"N\\u00e9v (C\\u00e9gn\\u00e9v)\",\"field_key\":\"nev_cegnev_1658912550290\",\"id\":59,\"beforeField\":\"\",\"afterField\":\"\",\"parentType\":\"textbox\",\"element_templates\":[\"textbox\",\"input\"],\"old_classname\":\"\",\"wrap_template\":\"wrap\"},{\"objectType\":\"Field\",\"objectDomain\":\"fields\",\"editActive\":false,\"order\":8,\"idAttribute\":\"id\",\"label\":\"Address\",\"type\":\"textbox\",\"key\":\"address_1691067480039\",\"label_pos\":\"left\",\"required\":1,\"default\":\"\",\"placeholder\":\"\",\"container_class\":\"\",\"element_class\":\"\",\"input_limit\":\"\",\"input_limit_type\":\"characters\",\"input_limit_msg\":\"Character(s) left\",\"manual_key\":\"\",\"admin_label\":\"\",\"help_text\":\"\",\"mask\":\"\",\"custom_mask\":\"\",\"custom_name_attribute\":\"\",\"personally_identifiable\":\"\",\"value\":\"\",\"drawerDisabled\":\"\",\"field_label\":\"C\\u00edm \",\"field_key\":\"cim_1658912634733\",\"id\":60,\"beforeField\":\"\",\"afterField\":\"\",\"parentType\":\"textbox\",\"element_templates\":[\"textbox\",\"input\"],\"old_classname\":\"\",\"wrap_template\":\"wrap\"},{\"objectType\":\"Field\",\"objectDomain\":\"fields\",\"editActive\":false,\"order\":9,\"idAttribute\":\"id\",\"label\":\"Tax No.\",\"type\":\"textbox\",\"key\":\"tax_no_1691067486054\",\"label_pos\":\"left\",\"required\":0,\"default\":\"\",\"placeholder\":\"\",\"container_class\":\"\",\"element_class\":\"\",\"input_limit\":\"\",\"input_limit_type\":\"characters\",\"input_limit_msg\":\"Character(s) left\",\"manual_key\":\"\",\"admin_label\":\"\",\"help_text\":\"\",\"desc_text\":\"<p>Mandatory information for companies<\\\/p>\",\"mask\":\"\",\"custom_mask\":\"\",\"custom_name_attribute\":\"\",\"personally_identifiable\":\"\",\"value\":\"\",\"drawerDisabled\":false,\"field_label\":\"Ad\\u00f3sz\\u00e1m \",\"field_key\":\"adoszam_1658912654966\",\"id\":61,\"beforeField\":\"\",\"afterField\":\"\",\"parentType\":\"textbox\",\"element_templates\":[\"textbox\",\"input\"],\"old_classname\":\"\",\"wrap_template\":\"wrap\"},{\"objectType\":\"Field\",\"objectDomain\":\"fields\",\"editActive\":false,\"order\":9,\"idAttribute\":\"id\",\"label\":\"Your name\",\"type\":\"textbox\",\"key\":\"your_name_1691067507409\",\"label_pos\":\"left\",\"required\":0,\"default\":\"\",\"placeholder\":\"\",\"container_class\":\"\",\"element_class\":\"\",\"input_limit\":\"\",\"input_limit_type\":\"characters\",\"input_limit_msg\":\"Character(s) left\",\"manual_key\":\"\",\"admin_label\":\"\",\"help_text\":\"\",\"desc_text\":\"<p>Mandatory information for companies<\\\/p>\",\"mask\":\"\",\"custom_mask\":\"\",\"custom_name_attribute\":\"\",\"personally_identifiable\":\"\",\"value\":\"\",\"drawerDisabled\":false,\"field_label\":\"Ad\\u00f3sz\\u00e1m \",\"field_key\":\"adoszam_1658912654966\",\"id\":85,\"beforeField\":\"\",\"afterField\":\"\",\"parentType\":\"textbox\",\"element_templates\":[\"textbox\",\"input\"],\"old_classname\":\"\",\"wrap_template\":\"wrap\"},{\"objectType\":\"Field\",\"objectDomain\":\"fields\",\"editActive\":false,\"order\":11,\"idAttribute\":\"id\",\"label\":\"Your phone\",\"type\":\"textbox\",\"key\":\"your_phone_1691067521000\",\"label_pos\":\"left\",\"required\":1,\"default\":\"\",\"placeholder\":\"\",\"container_class\":\"\",\"element_class\":\"\",\"input_limit\":\"\",\"input_limit_type\":\"characters\",\"input_limit_msg\":\"Character(s) left\",\"manual_key\":\"\",\"admin_label\":\"\",\"help_text\":\"\",\"mask\":\"\",\"custom_mask\":\"\",\"custom_name_attribute\":\"\",\"personally_identifiable\":\"\",\"value\":\"\",\"drawerDisabled\":false,\"field_label\":\"Az \\u00d6n telefonsz\\u00e1ma \",\"field_key\":\"az_on_telefonszama_1658912733506\",\"id\":62,\"beforeField\":\"\",\"afterField\":\"\",\"parentType\":\"textbox\",\"element_templates\":[\"textbox\",\"input\"],\"old_classname\":\"\",\"wrap_template\":\"wrap\"},{\"objectType\":\"Field\",\"objectDomain\":\"fields\",\"editActive\":false,\"order\":12,\"idAttribute\":\"id\",\"label\":\"Your e-mail\",\"type\":\"email\",\"key\":\"your_e-mail_1691067531985\",\"label_pos\":\"left\",\"required\":1,\"default\":\"\",\"placeholder\":\"\",\"container_class\":\"\",\"element_class\":\"\",\"admin_label\":\"\",\"help_text\":\"\",\"custom_name_attribute\":\"email\",\"personally_identifiable\":1,\"value\":\"\",\"drawerDisabled\":\"\",\"field_label\":\"Az \\u00d6n e-mail c\\u00edme \",\"field_key\":\"az_on_e-mail_cime_1658912810795\",\"id\":64,\"beforeField\":\"\",\"afterField\":\"\",\"parentType\":\"email\",\"element_templates\":[\"email\",\"input\"],\"old_classname\":\"\",\"wrap_template\":\"wrap\"},{\"objectType\":\"Field\",\"objectDomain\":\"fields\",\"editActive\":false,\"order\":13,\"idAttribute\":\"id\",\"label\":\"Note\",\"type\":\"textarea\",\"key\":\"note_1691067537457\",\"label_pos\":\"left\",\"required\":\"\",\"default\":\"\",\"placeholder\":\"\",\"container_class\":\"\",\"element_class\":\"\",\"input_limit\":\"\",\"input_limit_type\":\"characters\",\"input_limit_msg\":\"Character(s) left\",\"manual_key\":\"\",\"admin_label\":\"\",\"help_text\":\"\",\"textarea_rte\":\"\",\"disable_rte_mobile\":\"\",\"textarea_media\":\"\",\"value\":\"\",\"drawerDisabled\":\"\",\"field_label\":\"Megjegyz\\u00e9s\",\"field_key\":\"megjegyzes_1658912775852\",\"id\":63,\"beforeField\":\"\",\"afterField\":\"\",\"parentType\":\"textarea\",\"element_templates\":[\"textarea\",\"input\"],\"old_classname\":\"\",\"wrap_template\":\"wrap\"},{\"objectType\":\"Field\",\"objectDomain\":\"fields\",\"editActive\":false,\"order\":14,\"idAttribute\":\"id\",\"label\":\"\",\"type\":\"checkbox\",\"key\":\"elfogadom_az_1658912963640\",\"label_pos\":\"right\",\"required\":1,\"container_class\":\"\",\"element_class\":\"\",\"manual_key\":\"\",\"admin_label\":\"\",\"help_text\":\"\",\"desc_text\":\"<p><span style=\\\"color: rgb(11, 106, 165); font-family: aregular; font-size: medium;\\\">I accept the terms of the&nbsp;<\\\/span><a href=\\\"https:\\\/\\\/kvalifik.hu\\\/eng\\\/wp-content\\\/uploads\\\/2023\\\/08\\\/adatvedelem.pdf\\\" style=\\\"margin: 0px; padding: 0px; border: 0px; font-variant-numeric: inherit; font-variant-east-asian: inherit; font-weight: bold; font-stretch: inherit; font-size: medium; line-height: inherit; font-family: aregular; vertical-align: baseline; color: rgb(11, 106, 165); text-decoration-line: none;\\\">privacy policy<\\\/a><span style=\\\"color: rgb(11, 106, 165); font-family: aregular; font-size: medium;\\\">.<\\\/span><br><\\\/p>\",\"default_value\":\"unchecked\",\"checked_value\":\"Checked\",\"unchecked_value\":\"Unchecked\",\"checked_calc_value\":\"\",\"unchecked_calc_value\":\"\",\"drawerDisabled\":false,\"field_label\":\"\",\"field_key\":\"elfogadom_az_1658912963640\",\"id\":66,\"beforeField\":\"\",\"afterField\":\"\",\"value\":\"\",\"parentType\":\"checkbox\",\"element_templates\":[\"checkbox\",\"input\"],\"old_classname\":\"\",\"wrap_template\":\"wrap\"},{\"objectType\":\"Field\",\"objectDomain\":\"fields\",\"editActive\":false,\"order\":15,\"idAttribute\":\"id\",\"label\":\"Recaptcha\",\"type\":\"recaptcha\",\"container_class\":\"\",\"element_class\":\"\",\"size\":\"visible\",\"key\":\"recaptcha_1658912830424\",\"drawerDisabled\":\"\",\"field_label\":\"Recaptcha\",\"field_key\":\"recaptcha_1658912830424\",\"id\":65,\"beforeField\":\"\",\"afterField\":\"\",\"value\":\"\",\"label_pos\":\"left\",\"parentType\":\"textbox\",\"element_templates\":[\"recaptcha\",\"input\"],\"old_classname\":\"\",\"wrap_template\":\"wrap\",\"site_key\":\"6Lf_nCQhAAAAAMnPuHOM39nULTL0K0mbdd0U-eju\",\"theme\":\"light\",\"lang\":\"en\"},{\"objectType\":\"Field\",\"objectDomain\":\"fields\",\"editActive\":false,\"order\":16,\"idAttribute\":\"id\",\"type\":\"submit\",\"label\":\"SUBMIT\",\"processing_label\":\"TRANSMISSION IN PROGRESS\",\"container_class\":\"\",\"element_class\":\"\",\"key\":\"submit_1691067628834\",\"drawerDisabled\":false,\"field_label\":\"BEK\\u00dcLD\\u00c9S\",\"field_key\":\"bekuldes_1658911836320\",\"id\":49,\"beforeField\":\"\",\"afterField\":\"\",\"value\":\"\",\"label_pos\":\"left\",\"parentType\":\"textbox\",\"element_templates\":[\"submit\",\"button\",\"input\"],\"old_classname\":\"\",\"wrap_template\":\"wrap-no-label\"}];nfForms.push(form);<\/script>\n        \n","protected":false},"excerpt":{"rendered":"","protected":false},"author":1,"featured_media":0,"parent":0,"menu_order":0,"comment_status":"closed","ping_status":"closed","template":"","meta":{"_sitemap_exclude":false,"_sitemap_priority":"","_sitemap_frequency":"","_mi_skip_tracking":false,"footnotes":""},"_links":{"self":[{"href":"https:\/\/kvalifik.hu\/eng\/wp-json\/wp\/v2\/pages\/3285"}],"collection":[{"href":"https:\/\/kvalifik.hu\/eng\/wp-json\/wp\/v2\/pages"}],"about":[{"href":"https:\/\/kvalifik.hu\/eng\/wp-json\/wp\/v2\/types\/page"}],"author":[{"embeddable":true,"href":"https:\/\/kvalifik.hu\/eng\/wp-json\/wp\/v2\/users\/1"}],"replies":[{"embeddable":true,"href":"https:\/\/kvalifik.hu\/eng\/wp-json\/wp\/v2\/comments?post=3285"}],"version-history":[{"count":0,"href":"https:\/\/kvalifik.hu\/eng\/wp-json\/wp\/v2\/pages\/3285\/revisions"}],"wp:attachment":[{"href":"https:\/\/kvalifik.hu\/eng\/wp-json\/wp\/v2\/media?parent=3285"}],"curies":[{"name":"wp","href":"https:\/\/api.w.org\/{rel}","templated":true}]}}